{"id":3,"date":"2024-03-27T16:57:42","date_gmt":"2024-03-27T15:57:42","guid":{"rendered":"http:\/\/lestylohabile.com\/?page_id=3"},"modified":"2024-10-17T11:21:22","modified_gmt":"2024-10-17T09:21:22","slug":"politique-de-confidentialite","status":"publish","type":"page","link":"https:\/\/lestylohabile.com\/index.php\/politique-de-confidentialite\/","title":{"rendered":"Politique de confidentialit\u00e9 &#038; Mentions L\u00e9gales"},"content":{"rendered":"<p><div class=\"fusion-fullwidth fullwidth-box fusion-builder-row-1 fusion-flex-container has-pattern-background has-mask-background nonhundred-percent-fullwidth non-hundred-percent-height-scrolling\" style=\"--awb-border-radius-top-left:0px;--awb-border-radius-top-right:0px;--awb-border-radius-bottom-right:0px;--awb-border-radius-bottom-left:0px;--awb-flex-wrap:wrap;\" ><div class=\"fusion-builder-row fusion-row fusion-flex-align-items-flex-start fusion-flex-content-wrap\" style=\"max-width:1248px;margin-left: calc(-4% \/ 2 );margin-right: calc(-4% \/ 2 );\"><div class=\"fusion-layout-column fusion_builder_column fusion-builder-column-0 fusion_builder_column_1_1 1_1 fusion-flex-column\" style=\"--awb-bg-size:cover;--awb-width-large:100%;--awb-margin-top-large:0px;--awb-spacing-right-large:1.92%;--awb-margin-bottom-large:20px;--awb-spacing-left-large:1.92%;--awb-width-medium:100%;--awb-order-medium:0;--awb-spacing-right-medium:1.92%;--awb-spacing-left-medium:1.92%;--awb-width-small:100%;--awb-order-small:0;--awb-spacing-right-small:1.92%;--awb-spacing-left-small:1.92%;\"><div class=\"fusion-column-wrapper fusion-column-has-shadow fusion-flex-justify-content-flex-start fusion-content-layout-column\"><div class=\"fusion-title title fusion-title-1 fusion-sep-none fusion-title-text fusion-title-size-five\"><h5 class=\"fusion-title-heading title-heading-left fusion-responsive-typography-calculated\" style=\"margin:0;text-transform:none;--fontSize:20;--minFontSize:20;line-height:var(--awb-typography1-line-height);\">Le stylo habile<\/h5><\/div><div class=\"fusion-text fusion-text-1\"><\/div><\/div><\/div><div class=\"fusion-layout-column fusion_builder_column fusion-builder-column-1 fusion_builder_column_1_1 1_1 fusion-flex-column\" style=\"--awb-bg-size:cover;--awb-width-large:100%;--awb-margin-top-large:0px;--awb-spacing-right-large:1.92%;--awb-margin-bottom-large:20px;--awb-spacing-left-large:1.92%;--awb-width-medium:100%;--awb-order-medium:0;--awb-spacing-right-medium:1.92%;--awb-spacing-left-medium:1.92%;--awb-width-small:100%;--awb-order-small:0;--awb-spacing-right-small:1.92%;--awb-spacing-left-small:1.92%;\"><div class=\"fusion-column-wrapper fusion-column-has-shadow fusion-flex-justify-content-flex-start fusion-content-layout-column\"><div class=\"fusion-title title fusion-title-2 fusion-sep-none fusion-title-text fusion-title-size-five\"><h5 class=\"fusion-title-heading title-heading-left fusion-responsive-typography-calculated\" style=\"margin:0;text-transform:none;--fontSize:20;--minFontSize:20;line-height:var(--awb-typography1-line-height);\">Directeur de la publication<\/h5><\/div><div class=\"fusion-text fusion-text-2\"><p>Mme. MUNARETTO Virginie<br \/>\nlestylohabile.vm[a]gmail.com<br \/>\n07 67 62 39 79<\/p>\n<\/div><\/div><\/div><div class=\"fusion-layout-column fusion_builder_column fusion-builder-column-2 fusion_builder_column_1_1 1_1 fusion-flex-column\" style=\"--awb-bg-size:cover;--awb-width-large:100%;--awb-margin-top-large:0px;--awb-spacing-right-large:1.92%;--awb-margin-bottom-large:20px;--awb-spacing-left-large:1.92%;--awb-width-medium:100%;--awb-order-medium:0;--awb-spacing-right-medium:1.92%;--awb-spacing-left-medium:1.92%;--awb-width-small:100%;--awb-order-small:0;--awb-spacing-right-small:1.92%;--awb-spacing-left-small:1.92%;\"><div class=\"fusion-column-wrapper fusion-column-has-shadow fusion-flex-justify-content-flex-start fusion-content-layout-column\"><div class=\"fusion-title title fusion-title-3 fusion-sep-none fusion-title-text fusion-title-size-five\"><h5 class=\"fusion-title-heading title-heading-left fusion-responsive-typography-calculated\" style=\"margin:0;text-transform:none;--fontSize:20;--minFontSize:20;line-height:var(--awb-typography1-line-height);\">H\u00e9bergement<\/h5><\/div><div class=\"fusion-text fusion-text-3\"><p>OVH SAS<br \/>\n2, rue Kellermann,<br \/>\n59100 Roubaix.<\/p>\n<\/div><\/div><\/div><div class=\"fusion-layout-column fusion_builder_column fusion-builder-column-3 fusion_builder_column_1_1 1_1 fusion-flex-column\" style=\"--awb-bg-size:cover;--awb-width-large:100%;--awb-margin-top-large:0px;--awb-spacing-right-large:1.92%;--awb-margin-bottom-large:20px;--awb-spacing-left-large:1.92%;--awb-width-medium:100%;--awb-order-medium:0;--awb-spacing-right-medium:1.92%;--awb-spacing-left-medium:1.92%;--awb-width-small:100%;--awb-order-small:0;--awb-spacing-right-small:1.92%;--awb-spacing-left-small:1.92%;\"><div class=\"fusion-column-wrapper fusion-column-has-shadow fusion-flex-justify-content-flex-start fusion-content-layout-column\"><div class=\"fusion-title title fusion-title-4 fusion-sep-none fusion-title-text fusion-title-size-five\"><h5 class=\"fusion-title-heading title-heading-left fusion-responsive-typography-calculated\" style=\"margin:0;text-transform:none;--fontSize:20;--minFontSize:20;line-height:var(--awb-typography1-line-height);\">Propri\u00e9t\u00e9 intellectuelle<\/h5><\/div><div class=\"fusion-text fusion-text-4\"><p>Tous les \u00e9l\u00e9ments du site lestylohabile.com, qu&rsquo;ils soient visuels ou sonores, sont la propri\u00e9t\u00e9 exclusive de Virginie Munaretto. Toute reproduction, repr\u00e9sentation, distribution ou exploitation, m\u00eame partielle, de ces \u00e9l\u00e9ments est interdite sans l&rsquo;autorisation pr\u00e9alable de Virginie Munaretto.<\/p>\n<p>&nbsp;<\/p>\n<\/div><\/div><\/div><div class=\"fusion-layout-column fusion_builder_column fusion-builder-column-4 fusion_builder_column_1_1 1_1 fusion-flex-column\" style=\"--awb-bg-size:cover;--awb-width-large:100%;--awb-margin-top-large:0px;--awb-spacing-right-large:1.92%;--awb-margin-bottom-large:20px;--awb-spacing-left-large:1.92%;--awb-width-medium:100%;--awb-order-medium:0;--awb-spacing-right-medium:1.92%;--awb-spacing-left-medium:1.92%;--awb-width-small:100%;--awb-order-small:0;--awb-spacing-right-small:1.92%;--awb-spacing-left-small:1.92%;\"><div class=\"fusion-column-wrapper fusion-column-has-shadow fusion-flex-justify-content-flex-start fusion-content-layout-column\"><div class=\"fusion-title title fusion-title-5 fusion-sep-none fusion-title-text fusion-title-size-five\"><h5 class=\"fusion-title-heading title-heading-left fusion-responsive-typography-calculated\" style=\"margin:0;text-transform:none;--fontSize:20;--minFontSize:20;line-height:var(--awb-typography1-line-height);\">Donn\u00e9es personnelles<\/h5><\/div><div class=\"fusion-text fusion-text-5\"><p>La collecte et le traitement des donn\u00e9es personnelles des utilisateurs de ce site sont effectu\u00e9s conform\u00e9ment \u00e0 la r\u00e9glementation en vigueur. En l\u2019occurrence, dans les formulaires de contact nous ne stockons aucune des informations que vous nous donnez pour vous contacter. \u00c9videmment nous ne les vendons pas non plus ou n&rsquo;en faisons pas usage \u00e0 titre commercial.<\/p>\n<\/div><\/div><\/div><div class=\"fusion-layout-column fusion_builder_column fusion-builder-column-5 fusion_builder_column_1_1 1_1 fusion-flex-column\" style=\"--awb-bg-size:cover;--awb-width-large:100%;--awb-margin-top-large:0px;--awb-spacing-right-large:1.92%;--awb-margin-bottom-large:20px;--awb-spacing-left-large:1.92%;--awb-width-medium:100%;--awb-order-medium:0;--awb-spacing-right-medium:1.92%;--awb-spacing-left-medium:1.92%;--awb-width-small:100%;--awb-order-small:0;--awb-spacing-right-small:1.92%;--awb-spacing-left-small:1.92%;\"><div class=\"fusion-column-wrapper fusion-column-has-shadow fusion-flex-justify-content-flex-start fusion-content-layout-column\"><div class=\"fusion-title title fusion-title-6 fusion-sep-none fusion-title-text fusion-title-size-five\"><h5 class=\"fusion-title-heading title-heading-left fusion-responsive-typography-calculated\" style=\"margin:0;text-transform:none;--fontSize:20;--minFontSize:20;line-height:var(--awb-typography1-line-height);\">Cookies<\/h5><\/div><div class=\"fusion-text fusion-text-6\"><p>Ce site utilise des cookies pour am\u00e9liorer votre exp\u00e9rience de navigation et\/ou pour am\u00e9liorer son fonctionnement. Nous ne faisons pas d&rsquo;usage commercial, de publicit\u00e9 cibl\u00e9e.<\/p>\n<\/div><\/div><\/div><div class=\"fusion-layout-column fusion_builder_column fusion-builder-column-6 fusion_builder_column_1_1 1_1 fusion-flex-column\" style=\"--awb-bg-size:cover;--awb-width-large:100%;--awb-margin-top-large:0px;--awb-spacing-right-large:1.92%;--awb-margin-bottom-large:20px;--awb-spacing-left-large:1.92%;--awb-width-medium:100%;--awb-order-medium:0;--awb-spacing-right-medium:1.92%;--awb-spacing-left-medium:1.92%;--awb-width-small:100%;--awb-order-small:0;--awb-spacing-right-small:1.92%;--awb-spacing-left-small:1.92%;\"><div class=\"fusion-column-wrapper fusion-column-has-shadow fusion-flex-justify-content-flex-start fusion-content-layout-column\"><div class=\"fusion-title title fusion-title-7 fusion-sep-none fusion-title-text fusion-title-size-five\"><h5 class=\"fusion-title-heading title-heading-left fusion-responsive-typography-calculated\" style=\"margin:0;text-transform:none;--fontSize:20;--minFontSize:20;line-height:var(--awb-typography1-line-height);\">Limitation de responsabilit\u00e9<\/h5><\/div><div class=\"fusion-text fusion-text-7\"><p>Le Stylo Habile s&rsquo;efforce de garantir l&rsquo;exactitude et la mise \u00e0 jour des informations diffus\u00e9es sur ce site. Cependant, Le Stylo Habile ne peut garantir l&rsquo;exactitude, la pr\u00e9cision, l&rsquo;exhaustivit\u00e9 ou l&rsquo;ad\u00e9quation des informations fournies sur ce site. Le Stylo Habile d\u00e9cline toute responsabilit\u00e9 pour toute erreur ou omission concernant les informations fournies sur ce site. Le Stylo Habiles ne peut \u00eatre tenu responsable de tout dommage direct ou indirect, mat\u00e9riel ou immat\u00e9riel, r\u00e9sultant de l&rsquo;utilisation de ce site ou de l&rsquo;impossibilit\u00e9 d&rsquo;y acc\u00e9der.<\/p>\n<\/div><\/div><\/div><div class=\"fusion-layout-column fusion_builder_column fusion-builder-column-7 fusion_builder_column_1_1 1_1 fusion-flex-column\" style=\"--awb-bg-size:cover;--awb-width-large:100%;--awb-margin-top-large:0px;--awb-spacing-right-large:1.92%;--awb-margin-bottom-large:20px;--awb-spacing-left-large:1.92%;--awb-width-medium:100%;--awb-order-medium:0;--awb-spacing-right-medium:1.92%;--awb-spacing-left-medium:1.92%;--awb-width-small:100%;--awb-order-small:0;--awb-spacing-right-small:1.92%;--awb-spacing-left-small:1.92%;\"><div class=\"fusion-column-wrapper fusion-column-has-shadow fusion-flex-justify-content-flex-start fusion-content-layout-column\"><div class=\"fusion-title title fusion-title-8 fusion-sep-none fusion-title-text fusion-title-size-five\"><h5 class=\"fusion-title-heading title-heading-left fusion-responsive-typography-calculated\" style=\"margin:0;text-transform:none;--fontSize:20;--minFontSize:20;line-height:var(--awb-typography1-line-height);\">Code de la consommation<\/h5><\/div><div class=\"fusion-text fusion-text-8\"><p>Conform\u00e9ment aux articles L.616-1 et R.616-1 du code de la consommation, notre soci\u00e9t\u00e9 a mis en place un dispositif de m\u00e9diation de la consommation. L&rsquo;entit\u00e9 de m\u00e9diation retenue est : SAS CNPM &#8211; M\u00c9DIATION &#8211; CONSOMMATION. En cas de litige, le consommateur pourra d\u00e9poser sa r\u00e9clamation sur le site : <a href=\"http:\/\/cnpm-mediation-consommation.eu\" target=\"_blank\" rel=\"noopener noreferrer\">http:\/\/cnpm-mediation-consommation.eu <\/a><\/p>\n<p>ou par voie postale en \u00e9crivant \u00e0 CNPM &#8211; M\u00c9DIATION &#8211; CONSOMMATION 27, avenue de la Lib\u00e9ration \u2013 42400 SAINT-CHAMOND<\/p>\n<\/div><\/div><\/div><div class=\"fusion-layout-column fusion_builder_column fusion-builder-column-8 fusion_builder_column_1_1 1_1 fusion-flex-column\" style=\"--awb-bg-size:cover;--awb-width-large:100%;--awb-margin-top-large:0px;--awb-spacing-right-large:1.92%;--awb-margin-bottom-large:20px;--awb-spacing-left-large:1.92%;--awb-width-medium:100%;--awb-order-medium:0;--awb-spacing-right-medium:1.92%;--awb-spacing-left-medium:1.92%;--awb-width-small:100%;--awb-order-small:0;--awb-spacing-right-small:1.92%;--awb-spacing-left-small:1.92%;\"><div class=\"fusion-column-wrapper fusion-column-has-shadow fusion-flex-justify-content-flex-start fusion-content-layout-column\"><div class=\"fusion-text fusion-text-9\"><p>Le Stylo Habile se r\u00e9serve le droit de modifier les pr\u00e9sentes mentions l\u00e9gales \u00e0 tout moment et sans pr\u00e9avis. Il est donc recommand\u00e9 de les consulter r\u00e9guli\u00e8rement.<\/p>\n<\/div><\/div><\/div><\/div><\/div><div class=\"fusion-fullwidth fullwidth-box fusion-builder-row-2 fusion-flex-container nonhundred-percent-fullwidth non-hundred-percent-height-scrolling\" style=\"--awb-border-radius-top-left:0px;--awb-border-radius-top-right:0px;--awb-border-radius-bottom-right:0px;--awb-border-radius-bottom-left:0px;--awb-flex-wrap:wrap;\" ><div class=\"fusion-builder-row fusion-row fusion-flex-align-items-flex-start fusion-flex-content-wrap\" style=\"max-width:1248px;margin-left: calc(-4% \/ 2 );margin-right: calc(-4% \/ 2 );\"><div class=\"fusion-layout-column fusion_builder_column fusion-builder-column-9 fusion_builder_column_1_1 1_1 fusion-flex-column\" style=\"--awb-bg-size:cover;--awb-width-large:100%;--awb-margin-top-large:0px;--awb-spacing-right-large:1.92%;--awb-margin-bottom-large:20px;--awb-spacing-left-large:1.92%;--awb-width-medium:100%;--awb-order-medium:0;--awb-spacing-right-medium:1.92%;--awb-spacing-left-medium:1.92%;--awb-width-small:100%;--awb-order-small:0;--awb-spacing-right-small:1.92%;--awb-spacing-left-small:1.92%;\"><div class=\"fusion-column-wrapper fusion-column-has-shadow fusion-flex-justify-content-flex-start fusion-content-layout-column\"><div class=\"fusion-image-element \" style=\"--awb-caption-title-font-family:var(--h2_typography-font-family);--awb-caption-title-font-weight:var(--h2_typography-font-weight);--awb-caption-title-font-style:var(--h2_typography-font-style);--awb-caption-title-size:var(--h2_typography-font-size);--awb-caption-title-transform:var(--h2_typography-text-transform);--awb-caption-title-line-height:var(--h2_typography-line-height);--awb-caption-title-letter-spacing:var(--h2_typography-letter-spacing);\"><span class=\" fusion-imageframe imageframe-none imageframe-1 hover-type-none\"><img decoding=\"async\" width=\"300\" height=\"113\" alt=\"Le Stylo Habile - Virginie Munaretto Graphoth\u00e9rapeute\" title=\"Le_Stylo_Habile-Virginie_Munaretto_Graphotherapeute-Logo_Retina\" src=\"https:\/\/lestylohabile.com\/wp-content\/uploads\/2024\/10\/Le_Stylo_Habile-Virginie_Munaretto_Graphotherapeute-Logo_Retina.png\" data-orig-src=\"http:\/\/lestylohabile.com\/wp-content\/uploads\/2024\/10\/Le_Stylo_Habile-Virginie_Munaretto_Graphotherapeute-Logo_Retina-300x113.png\" class=\"lazyload img-responsive wp-image-1290\" srcset=\"data:image\/svg+xml,%3Csvg%20xmlns%3D%27http%3A%2F%2Fwww.w3.org%2F2000%2Fsvg%27%20width%3D%27400%27%20height%3D%27150%27%20viewBox%3D%270%200%20400%20150%27%3E%3Crect%20width%3D%27400%27%20height%3D%27150%27%20fill-opacity%3D%220%22%2F%3E%3C%2Fsvg%3E\" data-srcset=\"https:\/\/lestylohabile.com\/wp-content\/uploads\/2024\/10\/Le_Stylo_Habile-Virginie_Munaretto_Graphotherapeute-Logo_Retina-200x75.png 200w, https:\/\/lestylohabile.com\/wp-content\/uploads\/2024\/10\/Le_Stylo_Habile-Virginie_Munaretto_Graphotherapeute-Logo_Retina.png 400w\" data-sizes=\"auto\" data-orig-sizes=\"(max-width: 640px) 100vw, 300px\" \/><\/span><\/div><\/div><\/div><\/div><\/div><\/p>\n","protected":false},"excerpt":{"rendered":"","protected":false},"author":1,"featured_media":0,"parent":0,"menu_order":0,"comment_status":"closed","ping_status":"open","template":"100-width.php","meta":{"inline_featured_image":false,"footnotes":""},"class_list":["post-3","page","type-page","status-publish","hentry"],"yoast_head":"<!-- This site is optimized with the Yoast SEO plugin v24.5 - https:\/\/yoast.com\/wordpress\/plugins\/seo\/ -->\n<title>Politique de confidentialit\u00e9 &amp; Mentions L\u00e9gales - Le stylo habile - Virginie Munaretto Graphoth\u00e9rapeute<\/title>\n<meta name=\"robots\" content=\"index, follow, max-snippet:-1, max-image-preview:large, max-video-preview:-1\" \/>\n<link rel=\"canonical\" href=\"https:\/\/lestylohabile.com\/index.php\/politique-de-confidentialite\/\" \/>\n<meta property=\"og:locale\" content=\"fr_FR\" \/>\n<meta property=\"og:type\" content=\"article\" \/>\n<meta property=\"og:title\" content=\"Politique de confidentialit\u00e9 &amp; Mentions L\u00e9gales - Le stylo habile - Virginie Munaretto Graphoth\u00e9rapeute\" \/>\n<meta property=\"og:url\" content=\"https:\/\/lestylohabile.com\/index.php\/politique-de-confidentialite\/\" \/>\n<meta property=\"og:site_name\" content=\"Le stylo habile - Virginie Munaretto Graphoth\u00e9rapeute\" \/>\n<meta property=\"article:publisher\" content=\"https:\/\/www.facebook.com\/profile.php?id=61558034307867\" \/>\n<meta property=\"article:modified_time\" content=\"2024-10-17T09:21:22+00:00\" \/>\n<meta name=\"twitter:card\" content=\"summary_large_image\" \/>\n<meta name=\"twitter:label1\" content=\"Dur\u00e9e de lecture estim\u00e9e\" \/>\n\t<meta name=\"twitter:data1\" content=\"2 minutes\" \/>\n<script type=\"application\/ld+json\" class=\"yoast-schema-graph\">{\"@context\":\"https:\/\/schema.org\",\"@graph\":[{\"@type\":\"WebPage\",\"@id\":\"https:\/\/lestylohabile.com\/index.php\/politique-de-confidentialite\/\",\"url\":\"https:\/\/lestylohabile.com\/index.php\/politique-de-confidentialite\/\",\"name\":\"Politique de confidentialit\u00e9 & Mentions L\u00e9gales - Le stylo habile - Virginie Munaretto Graphoth\u00e9rapeute\",\"isPartOf\":{\"@id\":\"https:\/\/lestylohabile.com\/#website\"},\"datePublished\":\"2024-03-27T15:57:42+00:00\",\"dateModified\":\"2024-10-17T09:21:22+00:00\",\"breadcrumb\":{\"@id\":\"https:\/\/lestylohabile.com\/index.php\/politique-de-confidentialite\/#breadcrumb\"},\"inLanguage\":\"fr-FR\",\"potentialAction\":[{\"@type\":\"ReadAction\",\"target\":[\"https:\/\/lestylohabile.com\/index.php\/politique-de-confidentialite\/\"]}]},{\"@type\":\"BreadcrumbList\",\"@id\":\"https:\/\/lestylohabile.com\/index.php\/politique-de-confidentialite\/#breadcrumb\",\"itemListElement\":[{\"@type\":\"ListItem\",\"position\":1,\"name\":\"Accueil\",\"item\":\"https:\/\/lestylohabile.com\/\"},{\"@type\":\"ListItem\",\"position\":2,\"name\":\"Politique de confidentialit\u00e9 &#038; Mentions L\u00e9gales\"}]},{\"@type\":\"WebSite\",\"@id\":\"https:\/\/lestylohabile.com\/#website\",\"url\":\"https:\/\/lestylohabile.com\/\",\"name\":\"Le stylo habile - Virginie Munaretto Graphoth\u00e9rapeute\",\"description\":\"Virginie Munaretto Graphoth\u00e9rapeute\",\"publisher\":{\"@id\":\"https:\/\/lestylohabile.com\/#organization\"},\"potentialAction\":[{\"@type\":\"SearchAction\",\"target\":{\"@type\":\"EntryPoint\",\"urlTemplate\":\"https:\/\/lestylohabile.com\/?s={search_term_string}\"},\"query-input\":{\"@type\":\"PropertyValueSpecification\",\"valueRequired\":true,\"valueName\":\"search_term_string\"}}],\"inLanguage\":\"fr-FR\"},{\"@type\":\"Organization\",\"@id\":\"https:\/\/lestylohabile.com\/#organization\",\"name\":\"Le stylo habile - Virginie Munaretto Graphoth\u00e9rapeute\",\"url\":\"https:\/\/lestylohabile.com\/\",\"logo\":{\"@type\":\"ImageObject\",\"inLanguage\":\"fr-FR\",\"@id\":\"https:\/\/lestylohabile.com\/#\/schema\/logo\/image\/\",\"url\":\"https:\/\/lestylohabile.com\/wp-content\/uploads\/2024\/10\/Le_Stylo_Habile-Virginie_Munaretto_Graphotherapeute-Logo.png\",\"contentUrl\":\"https:\/\/lestylohabile.com\/wp-content\/uploads\/2024\/10\/Le_Stylo_Habile-Virginie_Munaretto_Graphotherapeute-Logo.png\",\"width\":200,\"height\":75,\"caption\":\"Le stylo habile - Virginie Munaretto Graphoth\u00e9rapeute\"},\"image\":{\"@id\":\"https:\/\/lestylohabile.com\/#\/schema\/logo\/image\/\"},\"sameAs\":[\"https:\/\/www.facebook.com\/profile.php?id=61558034307867\",\"https:\/\/www.instagram.com\/lestylohabile\/\",\"https:\/\/www.linkedin.com\/in\/virginie-munaretto-a0857118b\/\"]}]}<\/script>\n<!-- \/ Yoast SEO plugin. -->","yoast_head_json":{"title":"Politique de confidentialit\u00e9 & Mentions L\u00e9gales - Le stylo habile - Virginie Munaretto Graphoth\u00e9rapeute","robots":{"index":"index","follow":"follow","max-snippet":"max-snippet:-1","max-image-preview":"max-image-preview:large","max-video-preview":"max-video-preview:-1"},"canonical":"https:\/\/lestylohabile.com\/index.php\/politique-de-confidentialite\/","og_locale":"fr_FR","og_type":"article","og_title":"Politique de confidentialit\u00e9 & Mentions L\u00e9gales - Le stylo habile - Virginie Munaretto Graphoth\u00e9rapeute","og_url":"https:\/\/lestylohabile.com\/index.php\/politique-de-confidentialite\/","og_site_name":"Le stylo habile - Virginie Munaretto Graphoth\u00e9rapeute","article_publisher":"https:\/\/www.facebook.com\/profile.php?id=61558034307867","article_modified_time":"2024-10-17T09:21:22+00:00","twitter_card":"summary_large_image","twitter_misc":{"Dur\u00e9e de lecture estim\u00e9e":"2 minutes"},"schema":{"@context":"https:\/\/schema.org","@graph":[{"@type":"WebPage","@id":"https:\/\/lestylohabile.com\/index.php\/politique-de-confidentialite\/","url":"https:\/\/lestylohabile.com\/index.php\/politique-de-confidentialite\/","name":"Politique de confidentialit\u00e9 & Mentions L\u00e9gales - Le stylo habile - Virginie Munaretto Graphoth\u00e9rapeute","isPartOf":{"@id":"https:\/\/lestylohabile.com\/#website"},"datePublished":"2024-03-27T15:57:42+00:00","dateModified":"2024-10-17T09:21:22+00:00","breadcrumb":{"@id":"https:\/\/lestylohabile.com\/index.php\/politique-de-confidentialite\/#breadcrumb"},"inLanguage":"fr-FR","potentialAction":[{"@type":"ReadAction","target":["https:\/\/lestylohabile.com\/index.php\/politique-de-confidentialite\/"]}]},{"@type":"BreadcrumbList","@id":"https:\/\/lestylohabile.com\/index.php\/politique-de-confidentialite\/#breadcrumb","itemListElement":[{"@type":"ListItem","position":1,"name":"Accueil","item":"https:\/\/lestylohabile.com\/"},{"@type":"ListItem","position":2,"name":"Politique de confidentialit\u00e9 &#038; Mentions L\u00e9gales"}]},{"@type":"WebSite","@id":"https:\/\/lestylohabile.com\/#website","url":"https:\/\/lestylohabile.com\/","name":"Le stylo habile - Virginie Munaretto Graphoth\u00e9rapeute","description":"Virginie Munaretto Graphoth\u00e9rapeute","publisher":{"@id":"https:\/\/lestylohabile.com\/#organization"},"potentialAction":[{"@type":"SearchAction","target":{"@type":"EntryPoint","urlTemplate":"https:\/\/lestylohabile.com\/?s={search_term_string}"},"query-input":{"@type":"PropertyValueSpecification","valueRequired":true,"valueName":"search_term_string"}}],"inLanguage":"fr-FR"},{"@type":"Organization","@id":"https:\/\/lestylohabile.com\/#organization","name":"Le stylo habile - Virginie Munaretto Graphoth\u00e9rapeute","url":"https:\/\/lestylohabile.com\/","logo":{"@type":"ImageObject","inLanguage":"fr-FR","@id":"https:\/\/lestylohabile.com\/#\/schema\/logo\/image\/","url":"https:\/\/lestylohabile.com\/wp-content\/uploads\/2024\/10\/Le_Stylo_Habile-Virginie_Munaretto_Graphotherapeute-Logo.png","contentUrl":"https:\/\/lestylohabile.com\/wp-content\/uploads\/2024\/10\/Le_Stylo_Habile-Virginie_Munaretto_Graphotherapeute-Logo.png","width":200,"height":75,"caption":"Le stylo habile - Virginie Munaretto Graphoth\u00e9rapeute"},"image":{"@id":"https:\/\/lestylohabile.com\/#\/schema\/logo\/image\/"},"sameAs":["https:\/\/www.facebook.com\/profile.php?id=61558034307867","https:\/\/www.instagram.com\/lestylohabile\/","https:\/\/www.linkedin.com\/in\/virginie-munaretto-a0857118b\/"]}]}},"_links":{"self":[{"href":"https:\/\/lestylohabile.com\/index.php\/wp-json\/wp\/v2\/pages\/3","targetHints":{"allow":["GET"]}}],"collection":[{"href":"https:\/\/lestylohabile.com\/index.php\/wp-json\/wp\/v2\/pages"}],"about":[{"href":"https:\/\/lestylohabile.com\/index.php\/wp-json\/wp\/v2\/types\/page"}],"author":[{"embeddable":true,"href":"https:\/\/lestylohabile.com\/index.php\/wp-json\/wp\/v2\/users\/1"}],"replies":[{"embeddable":true,"href":"https:\/\/lestylohabile.com\/index.php\/wp-json\/wp\/v2\/comments?post=3"}],"version-history":[{"count":3,"href":"https:\/\/lestylohabile.com\/index.php\/wp-json\/wp\/v2\/pages\/3\/revisions"}],"predecessor-version":[{"id":1525,"href":"https:\/\/lestylohabile.com\/index.php\/wp-json\/wp\/v2\/pages\/3\/revisions\/1525"}],"wp:attachment":[{"href":"https:\/\/lestylohabile.com\/index.php\/wp-json\/wp\/v2\/media?parent=3"}],"curies":[{"name":"wp","href":"https:\/\/api.w.org\/{rel}","templated":true}]}}